{"id":40,"date":"2013-11-23T13:09:16","date_gmt":"2013-11-23T13:09:16","guid":{"rendered":"http:\/\/pedagogiskapostits.se\/?page_id=40"},"modified":"2016-09-11T09:59:11","modified_gmt":"2016-09-11T09:59:11","slug":"lankar","status":"publish","type":"page","link":"https:\/\/pedagogiskapostits.se\/?page_id=40","title":{"rendered":"L\u00e4nkar"},"content":{"rendered":"<p>&nbsp;<\/p>\n<h1>Svenska\/Spr\u00e5k<\/h1>\n<ul>\n<li><a href=\"http:\/\/storybird.com\/\">http:\/\/storybird.com\/<\/a><\/li>\n<li><a href=\"http:\/\/littlebirdtales.com\/\">http:\/\/littlebirdtales.com\/<\/a><\/li>\n<li><a href=\"http:\/\/iktsidan.com\/Users\/lptoan01\/Desktop\/www.Satsdelar.se\">www.Satsdelar.se<\/a><\/li>\n<li><a href=\"http:\/\/stripgenerator.com\/\">http:\/\/stripgenerator.com\/<\/a><\/li>\n<li><a href=\"http:\/\/writecomics.com\/\">http:\/\/writecomics.com\/<\/a><\/li>\n<li><a href=\"http:\/\/www.skolplus.se\/\">www.Skolplus.se<\/a><\/li>\n<li><a href=\"http:\/\/www.fritext.se\/\">http:\/\/www.fritext.se\/<\/a><\/li>\n<li><a href=\"http:\/\/papunet.net\/spel\/\">http:\/\/papunet.net\/spel\/<\/a><\/li>\n<li><a href=\"http:\/\/jirafa.se\/psindex.php\">http:\/\/jirafa.se\/psindex.php<\/a><\/li>\n<li><a href=\"http:\/\/webbmagistern.se\/\">http:\/\/webbmagistern.se\/<\/a><\/li>\n<li><a href=\"http:\/\/www.ur.se\/sagorivarlden\/\">www.ur.se\/sagorivarlden\/<\/a><\/li>\n<li><a href=\"http:\/\/www.carnegielibrary.org\/kids\/storymaker\/\">http:\/\/www.carnegielibrary.org\/kids\/storymaker\/<\/a><\/li>\n<li><a href=\"http:\/\/ur.se\/rimrum\/\">http:\/\/ur.se\/rimrum\/<\/a><\/li>\n<li><a href=\"http:\/\/www.magneticpoetry.com\/poetgame\/create.cfm?k=1\">http:\/\/www.magneticpoetry.com\/poetgame\/create.cfm?k=1<\/a><\/li>\n<li><a href=\"http:\/\/www.readinga-z.com\/book.php?id=174\">http:\/\/www.readinga-z.com\/book.php?id=174<\/a><\/li>\n<li><a href=\"http:\/\/magneticpoetry.com\/poetgame\/create.cfm\/?k=1\">http:\/\/magneticpoetry.com\/poetgame\/create.cfm\/?k=1<\/a><\/li>\n<li><a href=\"http:\/\/www.spraklankportalen.se\/\">http:\/\/www.spraklankportalen.se\/<\/a><\/li>\n<li><a href=\"http:\/\/www.ur.se\/rimrum\/\">http:\/\/www.ur.se\/rimrum\/<\/a><\/li>\n<li><a href=\"http:\/\/www.esl-kids.com\/\">http:\/\/www.esl-kids.com\/<\/a><\/li>\n<li><a href=\"http:\/\/svarta-tavlan.se\/\">http:\/\/svarta-tavlan.se\/<\/a><\/li>\n<li><a href=\"http:\/\/www.elevspel.se\/lasa-och-skriva\/\">http:\/\/www.elevspel.se\/lasa-och-skriva\/<\/a><\/li>\n<\/ul>\n<h1>Matematik<\/h1>\n<ul>\n<li><a href=\"http:\/\/nomp.se\/\">http:\/\/nomp.se\/<\/a><\/li>\n<li><a href=\"http:\/\/www.skolplus.se\/\">www.skolplus.se<\/a><\/li>\n<li><a href=\"http:\/\/www.trulscronberg.se\/trulsno\/\">http:\/\/www.trulscronberg.se\/trulsno\/<\/a><\/li>\n<li><a href=\"http:\/\/www.elevspel.se\/rakna-matte\/\">http:\/\/www.elevspel.se\/rakna-matte\/<\/a><\/li>\n<li><a href=\"http:\/\/webbmagistern.se\/\">http:\/\/webbmagistern.se\/<\/a><\/li>\n<li><a href=\"http:\/\/ncm.gu.se\/mv_aktiviteter\">http:\/\/ncm.gu.se\/mv_aktiviteter<\/a><\/li>\n<li><a href=\"http:\/\/www.mattenauterna.se\/\">http:\/\/www.mattenauterna.se\/<\/a><\/li>\n<li><a href=\"http:\/\/iktsidan.com\/Users\/lptoan01\/Desktop\/www.lankskafferiet.org\/v2\/cgi-bin\/subjects.cgi%3fnode=10\">www.lankskafferiet.org\/v2\/cgi-bin\/subjects.cgi?node=10<\/a><\/li>\n<li><a href=\"http:\/\/www.learningbox.com\/Base10\/BaseTen.html\">www.learningbox.com\/Base10\/BaseTen.html<\/a><\/li>\n<li><a href=\"http:\/\/mathway.com\/\">http:\/\/mathway.com\/<\/a><\/li>\n<li><a href=\"http:\/\/coolmath-games.com\/\">http:\/\/coolmath-games.com\/<\/a><\/li>\n<li><a href=\"http:\/\/www.arcademicskillbuilders.com\/\">www.arcademicskillbuilders.com\/<\/a><\/li>\n<li><a href=\"http:\/\/schooltimegames.com\/Mathematics.html\">http:\/\/schooltimegames.com\/Mathematics.html<\/a><\/li>\n<li><a href=\"http:\/\/www.solvare.net\/ma\/multiplikation.html\">www.solvare.net\/ma\/multiplikation.html<\/a><\/li>\n<li><a href=\"http:\/\/www.sparklebox.co.uk\/maths\/calculations\/\">www.sparklebox.co.uk\/maths\/calculations\/<\/a><\/li>\n<li><a href=\"http:\/\/www.ixl.com\/\">www.ixl.com\/<\/a><\/li>\n<li><a href=\"http:\/\/realworldmath.org\/Real_World_Math\/RealWorldMath.org.html\">http:\/\/realworldmath.org\/Real_World_Math\/RealWorldMath.org.html<\/a><\/li>\n<li>\u00a0<a href=\"http:\/\/www.smarttutor.com\/home\/games\/Tire_jump.swf\">www.smarttutor.com\/home\/games\/Tire_jump.swf<\/a><\/li>\n<li><a href=\"http:\/\/iktsidan.com\/Users\/lptoan01\/Desktop\/www.multiplication.com\/games\">www.multiplication.com\/games<\/a><\/li>\n<\/ul>\n<h1>NO\/SO<\/h1>\n<ol>\n<li><a href=\"http:\/\/www.geoclopedia.se\/iframe\">www.geoclopedia.se\/iframe<\/a><\/li>\n<li><a href=\"http:\/\/iktsidan.com\/Users\/lptoan01\/Desktop\/www.Si.se\">www.Si.se<\/a><\/li>\n<li>\u00a0<a href=\"http:\/\/www.ur.se\/dino\/\">www.ur.se\/dino\/<\/a><\/li>\n<li><a href=\"http:\/\/iktsidan.com\/Users\/lptoan01\/Desktop\/www.Ungafakta.se\">www.Ungafakta.se<\/a><\/li>\n<li><a href=\"http:\/\/flammy.nu\/\">http:\/\/flammy.nu\/<\/a><\/li>\n<li><a href=\"http:\/\/www.1177.se\/Barnavdelningen\/\">www.1177.se\/Barnavdelningen\/<\/a><\/li>\n<li><a href=\"http:\/\/classroomclipart.com\/cgi-bin\/kids\/imageFolio.cgi?direct=Dinosaurs\/\">http:\/\/classroomclipart.com\/cgi-bin\/kids\/imageFolio.cgi?direct=Dinosaurs\/<\/a><\/li>\n<li><a href=\"http:\/\/superteachertools.com\/jeopardy\/\">http:\/\/superteachertools.com\/jeopardy\/<\/a><\/li>\n<li><a href=\"http:\/\/swedia.ling.gu.se\/\">http:\/\/swedia.ling.gu.se\/<\/a> (dialekter)<\/li>\n<li><a href=\"http:\/\/www.animatedengines.com\/locomotive.html\">www.animatedengines.com\/locomotive.html<\/a><\/li>\n<li><a href=\"http:\/\/webbmagistern.se\/\">http:\/\/webbmagistern.se\/<\/a><\/li>\n<li><a href=\"http:\/\/www.kungarochdrottningar.se\/\">www.kungarochdrottningar.se\/<\/a><\/li>\n<li><a href=\"http:\/\/www.sna.se\/index.html\">www.sna.se\/index.html<\/a><\/li>\n<li><a href=\"http:\/\/www.bioresurs.uu.se\/myller\/index.html\">www.bioresurs.uu.se\/myller\/index.html<\/a><\/li>\n<li><a href=\"http:\/\/www.wellou.fi\/lapset\/index.html?l=sv\">www.wellou.fi\/lapset\/index.html?l=sv<\/a><\/li>\n<li><a href=\"http:\/\/iktsidan.com\/Users\/lptoan01\/Desktop\/www.rede.se\/%22%20data-mce-href=\">www.rede.se\/<\/a><\/li>\n<li><a href=\"http:\/\/www.lillaaktuellt.se\/\">www.lillaaktuellt.se<\/a><\/li>\n<li><a href=\"http:\/\/iktsidan.com\/Users\/lptoan01\/Desktop\/www.gapminder.org\">www.gapminder.org<\/a><\/li>\n<li><a href=\"http:\/\/iktsidan.com\/Users\/lptoan01\/Desktop\/www.nationalmuseum.se\/sv\/Skola\/%22%20data-mce-href=\">www.nationalmuseum.se\/sv\/Skola\/<\/a><\/li>\n<li><a href=\"http:\/\/iktsidan.com\/Users\/lptoan01\/Desktop\/www.ur.se\/topptillta\/%22%20data-mce-href=\">www.ur.se\/topptillta\/<\/a><\/li>\n<\/ol>\n<p><strong>Vardagskunskap<\/strong><\/p>\n<ul>\n<li><a href=\"http:\/\/www.elevspel.se\/vardagskunskap\/\">http:\/\/www.elevspel.se\/vardagskunskap\/<\/a><\/li>\n<\/ul>\n<h1>Digitala verktyg<\/h1>\n<ol>\n<li><a href=\"http:\/\/www.youtube.com\/watch?v=a4S_MS8pt5s&amp;feature=player_embedded\">http:\/\/www.youtube.com\/watch?v=a4S_MS8pt5s&amp;feature=player_embedded<\/a><\/li>\n<li><a href=\"http:\/\/www.skolverket.se\/skolutveckling\/itiskolan\/kolla_kallan\">http:\/\/www.skolverket.se\/skolutveckling\/itiskolan\/kolla_kallan<\/a><\/li>\n<li><a href=\"http:\/\/kollakallans.wikispaces.com\/V%C3%A4lkommen+till+Kolla+k%C3%A4llans+wiki\">http:\/\/kollakallans.wikispaces.com\/V%C3%A4lkommen+till+Kolla+k%C3%A4llans+wiki<\/a><\/li>\n<li><a href=\"http:\/\/iktsidan.com\/Users\/lptoan01\/Desktop\/www.Surfalugnt.se\">www.Surfalugnt.se<\/a><\/li>\n<li><a href=\"http:\/\/iktsidan.com\/Users\/lptoan01\/Desktop\/www.Mediekompass.se\">www.Mediekompass.se<\/a><\/li>\n<li><a href=\"http:\/\/iktsidan.com\/Users\/lptoan01\/Desktop\/www.Internetkunskap.se\">www.Internetkunskap.se<\/a><\/li>\n<li><a href=\"http:\/\/iktsidan.com\/Users\/lptoan01\/Desktop\/www.UR.se\">www.UR.se<\/a><\/li>\n<li><a href=\"http:\/\/iktsidan.com\/Users\/lptoan01\/Desktop\/www.Corkboard.me\">www.Corkboard.me<\/a><\/li>\n<li><a href=\"http:\/\/iktsidan.com\/Users\/lptoan01\/Desktop\/www.Mentimeter.com\">www.Mentimeter.com<\/a><\/li>\n<li><a href=\"http:\/\/iktsidan.com\/Users\/lptoan01\/Desktop\/www.Korta.com\">www.Korta.com<\/a><\/li>\n<li><a href=\"http:\/\/iktsidan.com\/Users\/lptoan01\/Desktop\/www.Socrative.com\">www.Socrative.com<\/a><\/li>\n<li><a href=\"http:\/\/iktsidan.com\/Users\/lptoan01\/Desktop\/www.Mailvu.com\">www.Mailvu.com<\/a><\/li>\n<li><a href=\"http:\/\/iktsidan.com\/Users\/lptoan01\/Desktop\/www.Doodle.com\">www.Doodle.com<\/a><\/li>\n<li><a href=\"http:\/\/iktsidan.com\/Users\/lptoan01\/Desktop\/www.Animoto.com\">www.Animoto.com<\/a><\/li>\n<li><a href=\"http:\/\/iktsidan.com\/Users\/lptoan01\/Desktop\/www.picasa.google.com\">www.picasa.google.com<\/a><\/li>\n<li><a href=\"http:\/\/iktsidan.com\/2012\/05\/07\/min-100-i-topplista-pa-webblankar-for-forskolan-ak6\/www.wordle.net\">www.Wordle.net<\/a><\/li>\n<li><a href=\"http:\/\/iktsidan.com\/Users\/lptoan01\/Desktop\/www.Glogster.com\">www.Glogster.com<\/a><\/li>\n<li><a href=\"http:\/\/iktsidan.com\/2012\/05\/07\/min-100-i-topplista-pa-webblankar-for-forskolan-ak6\/www.littlebirdtales.com\">www.littlebirdtales.com<\/a><\/li>\n<li><a href=\"http:\/\/iktsidan.com\/Users\/lptoan01\/Desktop\/www.lankskafferiet.org\">www.lankskafferiet.org<\/a><\/li>\n<li><a href=\"http:\/\/popplet.com\/\">http:\/\/popplet.com\/<\/a><\/li>\n<\/ol>\n<p><strong>Spel<\/strong><\/p>\n<ul>\n<li><a href=\"http:\/\/www.elevspel.se\/hjarngympa\/\">http:\/\/www.elevspel.se\/hjarngympa\/<\/a><\/li>\n<li><a href=\"http:\/\/www.penningborg.se\/\">http:\/\/www.penningborg.se\/<\/a><\/li>\n<\/ul>\n<p>&nbsp;<\/p>\n<p><strong>Osorterat<\/strong><\/p>\n<ul>\n<ul>\n<li><a href=\"http:\/\/ncm.gu.se\/\" target=\"_blank\" rel=\"nofollow\">http:\/\/ncm.gu.se<\/a> \u00a0 H\u00e4r finns str\u00e4vorna, k\u00e4ngurumatte och en massa annat bra.<\/li>\n<li><a href=\"http:\/\/l.facebook.com\/l.php?u=http%3A%2F%2Fmatematiskt.blogspot.se%2F&amp;h=bAQE37m3H&amp;s=1\" target=\"_blank\" rel=\"nofollow\">http:\/\/<wbr \/>matematiskt.blogspot.se\/<\/a><\/li>\n<li><a href=\"http:\/\/josefinsmatte.blogspot.se\/\" target=\"_blank\" rel=\"nofollow\">http:\/\/<wbr \/>josefinsmatte.blogspot.se\/<\/a><\/li>\n<li><a href=\"http:\/\/www.nomp.se\/\" target=\"_blank\" rel=\"nofollow\">www.nomp.se<\/a><\/li>\n<li><a href=\"http:\/\/www.elevspel.se\/\" target=\"_blank\" rel=\"nofollow\">www.elevspel.se<\/a><\/li>\n<li><a href=\"http:\/\/www.skolplus.se\/\" target=\"_blank\" rel=\"nofollow\">www.skolplus.se<\/a><\/li>\n<li><a href=\"http:\/\/mattefixaren.wordpress.com\/\" target=\"_blank\" rel=\"nofollow\">http:\/\/<wbr \/>mattefixaren.wordpress.com\/<\/a><\/li>\n<li><a href=\"http:\/\/www.kunskapsstjarnan.se\/\" target=\"_blank\" rel=\"nofollow\">www.kunskapsstjarnan.se<\/a><\/li>\n<li><a href=\"http:\/\/www.penningborg.se\/\" target=\"_blank\" rel=\"nofollow\">http:\/\/www.penningborg.se\/<\/a><\/li>\n<li><a href=\"http:\/\/www.mattemastaren.se\/\" target=\"_blank\" rel=\"nofollow\">http:\/\/www.mattemastaren.se\/<\/a><\/li>\n<li><a href=\"http:\/\/www.mult.se\/\" target=\"_blank\" rel=\"nofollow\">www.mult.se<\/a><\/li>\n<li><a href=\"http:\/\/www.trulscronberg.se\/trulsno\/?page_id=359\" target=\"_blank\" rel=\"nofollow\">http:\/\/www.trulscronberg.se\/<wbr \/>trulsno\/?page_id=3<span class=\"text_exposed_show\">59<\/span><\/a><\/li>\n<\/ul>\n<\/ul>\n<div class=\"text_exposed_show\">\n<ul>\n<li><a href=\"http:\/\/www.mattefroken.se\/\" target=\"_blank\" rel=\"nofollow\">www.mattefroken.se<\/a><\/li>\n<li><a href=\"http:\/\/l.facebook.com\/l.php?u=http%3A%2F%2Fweb3.gyldendal.no%2Fmulti%2F1-4nettoppgaver%2F&amp;h=XAQEKCskB&amp;s=1\" target=\"_blank\" rel=\"nofollow\">http:\/\/web3.gyldendal.no\/<wbr \/>multi\/1-4nettoppgaver\/<\/a><\/li>\n<li><a href=\"http:\/\/l.facebook.com\/l.php?u=http%3A%2F%2Fnlvm.usu.edu%2F&amp;h=yAQHa5uXl&amp;s=1\" target=\"_blank\" rel=\"nofollow\">http:\/\/nlvm.usu.edu\/<\/a><\/li>\n<li><a href=\"http:\/\/lararavtryck.moobis.se\/category\/matematik\/\" target=\"_blank\" rel=\"nofollow\">http:\/\/lararavtryck.moobis.se\/<wbr \/>category\/matematik\/<\/a><\/li>\n<li><a href=\"http:\/\/www.ulricaelisson.se\/category\/matematik\/\" target=\"_blank\" rel=\"nofollow\">http:\/\/www.ulricaelisson.se\/<wbr \/>category\/matematik\/<\/a><\/li>\n<li><a href=\"http:\/\/l.facebook.com\/l.php?u=http%3A%2F%2Fgoeasy.geliit.se%2Fweb%2Fmatematik%2Fkreativ-matte&amp;h=8AQHdcXaK&amp;s=1\" target=\"_blank\" rel=\"nofollow\">http:\/\/goeasy.geliit.se\/web\/<wbr \/>matematik\/kreativ-matte<\/a><\/li>\n<li><a href=\"http:\/\/l.facebook.com\/l.php?u=http%3A%2F%2Fwww.korthalsaltes.com%2F&amp;h=dAQH2Ee9K&amp;s=1\" target=\"_blank\" rel=\"nofollow\">http:\/\/www.korthalsaltes.com\/<\/a> (3D figurer att skriva ut)<\/li>\n<li><a href=\"https:\/\/www.facebook.com\/l.php?u=https%3A%2F%2Fmatematiklyftet.skolverket.se%2F&amp;h=lAQFs8Gnq&amp;s=1\" target=\"_blank\" rel=\"nofollow\">https:\/\/<wbr \/>matematiklyftet.skolverket.se<\/a><\/li>\n<li><a href=\"http:\/\/www.skolresurs.fi\/matteva\/geometri\/ritaSymmetriLarge.html\" target=\"_blank\" rel=\"nofollow\">http:\/\/www.skolresurs.fi\/<wbr \/>matteva\/geometri\/<wbr \/>ritaSymmetriLarge.html<\/a><\/li>\n<li><a href=\"http:\/\/www.oswego.org\/ocsd-web\/games\/fractionflags\/fractionflags.html\" target=\"_blank\" rel=\"nofollow\">http:\/\/www.oswego.org\/<wbr \/>ocsd-web\/games\/fractionflags\/<wbr \/>fractionflags.html<\/a><\/li>\n<li><a href=\"http:\/\/scratch.mit.edu\/\" target=\"_blank\" rel=\"nofollow\">http:\/\/scratch.mit.edu\/<\/a><\/li>\n<li><a href=\"http:\/\/multiplicera.se\/\" target=\"_blank\" rel=\"nofollow\">http:\/\/multiplicera.se\/<\/a><\/li>\n<li><a href=\"http:\/\/www.nok.se\/intensivtrana\" target=\"_blank\" rel=\"nofollow\">www.nok.se\/intensivtrana<\/a><\/li>\n<\/ul>\n<\/div>\n<div class=\"sharedaddy sd-sharing-enabled\"><div class=\"robots-nocontent sd-block sd-social sd-social-icon sd-sharing\"><h3 class=\"sd-title\">Dela det h\u00e4r:<\/h3><div class=\"sd-content\"><ul><li class=\"share-facebook\"><a rel=\"nofollow noopener noreferrer\" data-shared=\"sharing-facebook-40\" class=\"share-facebook sd-button share-icon no-text\" href=\"https:\/\/pedagogiskapostits.se\/?page_id=40&amp;share=facebook\" target=\"_blank\" title=\"Klicka f\u00f6r att dela p\u00e5 Facebook\"><span><\/span><span class=\"sharing-screen-reader-text\">Klicka f\u00f6r att dela p\u00e5 Facebook (\u00d6ppnas i ett nytt f\u00f6nster)<\/span><\/a><\/li><li class=\"share-twitter\"><a rel=\"nofollow noopener noreferrer\" data-shared=\"sharing-twitter-40\" class=\"share-twitter sd-button share-icon no-text\" href=\"https:\/\/pedagogiskapostits.se\/?page_id=40&amp;share=twitter\" target=\"_blank\" title=\"Klicka f\u00f6r att dela p\u00e5 Twitter\"><span><\/span><span class=\"sharing-screen-reader-text\">Klicka f\u00f6r att dela p\u00e5 Twitter (\u00d6ppnas i ett nytt f\u00f6nster)<\/span><\/a><\/li><li class=\"share-pinterest\"><a rel=\"nofollow noopener noreferrer\" data-shared=\"sharing-pinterest-40\" class=\"share-pinterest sd-button share-icon no-text\" href=\"https:\/\/pedagogiskapostits.se\/?page_id=40&amp;share=pinterest\" target=\"_blank\" title=\"Klicka f\u00f6r att dela till Pinterest\"><span><\/span><span class=\"sharing-screen-reader-text\">Klicka f\u00f6r att dela till Pinterest (\u00d6ppnas i ett nytt f\u00f6nster)<\/span><\/a><\/li><li class=\"share-email\"><a rel=\"nofollow noopener noreferrer\" data-shared=\"\" class=\"share-email sd-button share-icon no-text\" href=\"https:\/\/pedagogiskapostits.se\/?page_id=40&amp;share=email\" target=\"_blank\" title=\"Klicka f\u00f6r att e-posta detta till en v\u00e4n\"><span><\/span><span class=\"sharing-screen-reader-text\">Klicka f\u00f6r att e-posta detta till en v\u00e4n (\u00d6ppnas i ett nytt f\u00f6nster)<\/span><\/a><\/li><li class=\"share-end\"><\/li><\/ul><\/div><\/div><\/div>","protected":false},"excerpt":{"rendered":"<p>&nbsp; Svenska\/Spr\u00e5k http:\/\/storybird.com\/ http:\/\/littlebirdtales.com\/ www.Satsdelar.se http:\/\/stripgenerator.com\/ http:\/\/writecomics.com\/ www.Skolplus.se http:\/\/www.fritext.se\/ http:\/\/papunet.net\/spel\/ http:\/\/jirafa.se\/psindex.php http:\/\/webbmagistern.se\/ www.ur.se\/sagorivarlden\/ http:\/\/www.carnegielibrary.org\/kids\/storymaker\/ http:\/\/ur.se\/rimrum\/ http:\/\/www.magneticpoetry.com\/poetgame\/create.cfm?k=1 http:\/\/www.readinga-z.com\/book.php?id=174 http:\/\/magneticpoetry.com\/poetgame\/create.cfm\/?k=1 http:\/\/www.spraklankportalen.se\/ http:\/\/www.ur.se\/rimrum\/ http:\/\/www.esl-kids.com\/ http:\/\/svarta-tavlan.se\/ http:\/\/www.elevspel.se\/lasa-och-skriva\/ Matematik http:\/\/nomp.se\/ www.skolplus.se http:\/\/www.trulscronberg.se\/trulsno\/ http:\/\/www.elevspel.se\/rakna-matte\/ http:\/\/webbmagistern.se\/ http:\/\/ncm.gu.se\/mv_aktiviteter http:\/\/www.mattenauterna.se\/ www.lankskafferiet.org\/v2\/cgi-bin\/subjects.cgi?node=10 www.learningbox.com\/Base10\/BaseTen.html http:\/\/mathway.com\/ http:\/\/coolmath-games.com\/ www.arcademicskillbuilders.com\/ http:\/\/schooltimegames.com\/Mathematics.html www.solvare.net\/ma\/multiplikation.html www.sparklebox.co.uk\/maths\/calculations\/ www.ixl.com\/ http:\/\/realworldmath.org\/Real_World_Math\/RealWorldMath.org.html \u00a0www.smarttutor.com\/home\/games\/Tire_jump.swf www.multiplication.com\/games NO\/SO www.geoclopedia.se\/iframe www.Si.se \u00a0www.ur.se\/dino\/ www.Ungafakta.se http:\/\/flammy.nu\/ www.1177.se\/Barnavdelningen\/ http:\/\/classroomclipart.com\/cgi-bin\/kids\/imageFolio.cgi?direct=Dinosaurs\/ http:\/\/superteachertools.com\/jeopardy\/ http:\/\/swedia.ling.gu.se\/ (dialekter) www.animatedengines.com\/locomotive.html &#8230; <a title=\"L\u00e4nkar\" class=\"read-more\" href=\"https:\/\/pedagogiskapostits.se\/?page_id=40\" aria-label=\"Mer p\u00e5 L\u00e4nkar\">L\u00e4s mer<\/a><\/p>\n<div class=\"sharedaddy sd-sharing-enabled\"><div class=\"robots-nocontent sd-block sd-social sd-social-icon sd-sharing\"><h3 class=\"sd-title\">Dela det h\u00e4r:<\/h3><div class=\"sd-content\"><ul><li class=\"share-facebook\"><a rel=\"nofollow noopener noreferrer\" data-shared=\"sharing-facebook-40\" class=\"share-facebook sd-button share-icon no-text\" href=\"https:\/\/pedagogiskapostits.se\/?page_id=40&amp;share=facebook\" target=\"_blank\" title=\"Klicka f\u00f6r att dela p\u00e5 Facebook\"><span><\/span><span class=\"sharing-screen-reader-text\">Klicka f\u00f6r att dela p\u00e5 Facebook (\u00d6ppnas i ett nytt f\u00f6nster)<\/span><\/a><\/li><li class=\"share-twitter\"><a rel=\"nofollow noopener noreferrer\" data-shared=\"sharing-twitter-40\" class=\"share-twitter sd-button share-icon no-text\" href=\"https:\/\/pedagogiskapostits.se\/?page_id=40&amp;share=twitter\" target=\"_blank\" title=\"Klicka f\u00f6r att dela p\u00e5 Twitter\"><span><\/span><span class=\"sharing-screen-reader-text\">Klicka f\u00f6r att dela p\u00e5 Twitter (\u00d6ppnas i ett nytt f\u00f6nster)<\/span><\/a><\/li><li class=\"share-pinterest\"><a rel=\"nofollow noopener noreferrer\" data-shared=\"sharing-pinterest-40\" class=\"share-pinterest sd-button share-icon no-text\" href=\"https:\/\/pedagogiskapostits.se\/?page_id=40&amp;share=pinterest\" target=\"_blank\" title=\"Klicka f\u00f6r att dela till Pinterest\"><span><\/span><span class=\"sharing-screen-reader-text\">Klicka f\u00f6r att dela till Pinterest (\u00d6ppnas i ett nytt f\u00f6nster)<\/span><\/a><\/li><li class=\"share-email\"><a rel=\"nofollow noopener noreferrer\" data-shared=\"\" class=\"share-email sd-button share-icon no-text\" href=\"https:\/\/pedagogiskapostits.se\/?page_id=40&amp;share=email\" target=\"_blank\" title=\"Klicka f\u00f6r att e-posta detta till en v\u00e4n\"><span><\/span><span class=\"sharing-screen-reader-text\">Klicka f\u00f6r att e-posta detta till en v\u00e4n (\u00d6ppnas i ett nytt f\u00f6nster)<\/span><\/a><\/li><li class=\"share-end\"><\/li><\/ul><\/div><\/div><\/div>","protected":false},"author":1,"featured_media":0,"parent":0,"menu_order":0,"comment_status":"open","ping_status":"open","template":"","meta":{"spay_email":""},"jetpack_sharing_enabled":true,"_links":{"self":[{"href":"https:\/\/pedagogiskapostits.se\/index.php?rest_route=\/wp\/v2\/pages\/40"}],"collection":[{"href":"https:\/\/pedagogiskapostits.se\/index.php?rest_route=\/wp\/v2\/pages"}],"about":[{"href":"https:\/\/pedagogiskapostits.se\/index.php?rest_route=\/wp\/v2\/types\/page"}],"author":[{"embeddable":true,"href":"https:\/\/pedagogiskapostits.se\/index.php?rest_route=\/wp\/v2\/users\/1"}],"replies":[{"embeddable":true,"href":"https:\/\/pedagogiskapostits.se\/index.php?rest_route=%2Fwp%2Fv2%2Fcomments&post=40"}],"version-history":[{"count":6,"href":"https:\/\/pedagogiskapostits.se\/index.php?rest_route=\/wp\/v2\/pages\/40\/revisions"}],"predecessor-version":[{"id":374,"href":"https:\/\/pedagogiskapostits.se\/index.php?rest_route=\/wp\/v2\/pages\/40\/revisions\/374"}],"wp:attachment":[{"href":"https:\/\/pedagogiskapostits.se\/index.php?rest_route=%2Fwp%2Fv2%2Fmedia&parent=40"}],"curies":[{"name":"wp","href":"https:\/\/api.w.org\/{rel}","templated":true}]}}